d(2)?
9
Suppose 0 = -3*o - 3*u + 57, -2*o + 5*u - 10 = -55. What is the tens digit of o?
2
Let b = 26 - 28. What is the tens digit of -19*(-4 + -1 - b)?
5
Let d = -15 + 9. Let r = 36 - 18. Let b = r + d. What is the units digit of b?
2
Let l(i) = i - 2. Let n(m) = -m + 6*m + m**3 + 1 - 5*m**2 + 0 + 1. Let h be n(4). What is the units digit of l(h)?
4
Suppose -d = 5*i - 877, 4*i - 3*d - 83 - 611 = 0. What is the units digit of i?
5
Suppose -2*a - 55 = -229. What is the units digit of a?
7
Let s(w) = 2 - 5*w + 9*w - 4 + 3. Let q be s(1). Suppose 0*x = q*x - 5. What is the units digit of x?
1
Suppose 0 = s + s. Let a = 5 - s. Let d(o) = 3*o - 4. What is the tens digit of d(a)?
1
Let l = 62 + -43. What is the tens digit of l?
1
Let n be (-27 - -7)*(-12)/5. Suppose -3*j - x + 3*x + 120 = 0, -2*x = j - n. What is the units digit of j?
2
Let o be (-2)/8 - (-674)/8. What is the units digit of -52*(o/16)/(-7)?
9
Let b be (7/(-3) + 2)*0. Suppose 0 = 5*z + 3*x - 230, b*x = 5*z + x - 240. What is the tens digit of z?
4
Suppose -3*i - 532 = -5*i. What is the units digit of i?
6
Let u = 44 + 17. What is the tens digit of u?
6
Let w(m) = 3*m**2 - m. Let x be w(2). Suppose -15 = -5*i + x. What is the units digit of i?
5
Suppose -3*s + 5 = -1. Let m = s - -13. What is the units digit of m?
5
Suppose 5*j = 2*q - 50, q - j - 25 = 6. What is the tens digit of q?
3
Suppose 5 = h, 0 = y - 2*h - 2*h + 15. Suppose -3*w = -3*m + 6, -2*w - 2*w = -y*m + 14. What is the units digit of m?
6
Let b = -35 - -54. Let a be (1 - -2)/((-9)/6). Let k = a + b. What is the tens digit of k?
1
Suppose -67 = 2*l - 173. What is the units digit of l?
3
Let s = 13 + -43. Let o be s/(-35)*(1 - -6). Suppose -3*a + o = -12. What is the units digit of a?
6
Let s = -27 - -78. What is the tens digit of s?
5
Suppose 4*i = 70 + 6. Let x = 33 - i. What is the tens digit of x?
1
Let u = 7 + -4. Let s(l) = l**2 + 4*l + 1. Let t be s(u). Suppose t = 2*i - 14. What is the units digit of i?
8
Suppose 0*k = k - a - 1, -4*a = -2*k - 4. Suppose -7 = -k*b + 9. Suppose -10 = -b*y - y. What is the units digit of y?
2
Let x(j) = 3*j**2 - 2*j - 4. Let b(v) = 4*v**3 + v**2 - 2*v + 1. Let k be b(1). What is the units digit of x(k)?
6
Let c = 9 + -4. Suppose c*m = 2*m + 6. What is the units digit of m?
2
Let k = 187 - 84. What is the hundreds digit of k?
1
Let a = 1 - -11. Let i = -9 + a. What is the units digit of i?
3
Suppose -4*j + 7 = -l, 2*j + 5*l - 1 = -14. Suppose -1 - j = -g. Suppose -57 = -5*f - 2*n, 0 = f - 2*f - g*n + 5. What is the tens digit of f?
1
Let f(z) = 3*z + 5. Let d be f(-5). Let y be (-4)/d*10*3. Let m = 17 - y. What is the units digit of m?
5
Let k(o) = o + 7. Let v be k(-5). Suppose -5*i - 5*p + 45 = 0, v*p = -3*i - 0*p + 24. What is the units digit of i?
6
Let y(l) = -l**2 - 9*l + 1. Let f be 4/(-10) - (-86)/(-10). What is the units digit of y(f)?
1
Suppose -4*x - 15 = -4*l + 5, 0 = -x. Suppose 0*n = l*n - 70. Let h = n - 10. What is the units digit of h?
4
Let t = 2 - -8. What is the tens digit of t?
1
Let z = -29 + 18. What is the tens digit of (z/22)/((-2)/116)?
2
Let s = -48 + 10. Let d = -23 - s. What is the units digit of d?
5
Let p = -5 - -9. Suppose -p*f + 20 + 20 = 0. Suppose 0 = 4*k - 5*k + f. What is the units digit of k?
0
Suppose 2*a - 35 = -3. Suppose -18 - a = -2*q. What is the tens digit of q?
1
What is the units digit of (3 - 0) + 1 + 85?
9
Suppose -64 = -s - 3*s. Suppose 0 = 3*g + g - s. Suppose 3*t - g*t = -9. What is the units digit of t?
9
Let i = -159 + 237. What is the units digit of i?
8
Let t(f) = 2*f + 61. What is the tens digit of t(0)?
6
Suppose 0 = -4*t - 2*n - 274, -3*n + 234 = -4*t - 55. Let z = -50 - t. What is the units digit of z?
0
Let d(i) = 45*i + 29. What is the units digit of d(6)?
9
What is the tens digit of (-40)/6*(-345)/46?
5
Let z(n) be the third derivative of n**5/60 + 3*n**4/8 + n**3/2 + n**2. Let o = 3 - 13. What is the units digit of z(o)?
3
Suppose -3*q = -2*q - 11. Suppose 0 = -5*v + 24 + q. What is the units digit of v?
7
Suppose 0 = 4*t + n + 4, -2*t - 2*n + 3*n - 2 = 0. Let y = 9 + t. What is the units digit of y?
8
Let q(w) = -w - 7. Let h be q(-7). What is the units digit of 31 + h/(-3) + 0?
1
Let g(u) = 7*u + 28*u + 0 - 2. What is the tens digit of g(1)?
3
Suppose 250 = 5*d - 75. Suppose 5*x + 0*x = -d. Let y = 21 + x. What is the units digit of y?
8
Suppose -2*u + 24 = 4*p - 2*p, -5*p + 4 = -3*u. What is the units digit of u?
7
Let d = 34 - 16. What is the tens digit of d?
1
Suppose 5*b - 539 = 281. Suppose -b = -4*t - 2*m, 5*t + m - 205 = -m. What is the tens digit of t?
4
Let g = -5 + 9. Let x(m) = 4*m**3 + 22*m**2 - 6*m + 4. Let j(h) = h**3 + 7*h**2 - 2*h + 1. Let p(l) = 7*j(l) - 2*x(l). What is the units digit of p(g)?
7
Suppose 17*s - 16*s = -3. Suppose 3*h - 4*u = 12, 2*h - 3*u = 2*u + 8. What is the units digit of h + 0 + 5 + s?
6
Let h(a) = a**3 - 10*a**2 + a - 5. What is the units digit of h(10)?
5
Let h(r) = -r**2 + 0 - 3 + r - 8*r + 3*r**2. What is the units digit of h(6)?
7
Let j(s) = 7*s + 5. Let q be j(3). Let b = 10 + q. What is the units digit of b?
6
Let t = -101 - -146. Let o = t - 20. What is the tens digit of o?
2
Let p(b) = b**2 + b - 1. Let w be (-4)/(-3 - -1) + 0. What is the units digit of p(w)?
5
Suppose -5*j - 2*r = 20, -3*j - 5*r - 24 - 7 = 0. What is the tens digit of 6/j + 0 + 15?
1
Suppose 0 = 5*p + 4*a - 160, -a - 2*a + 96 = 3*p. What is the tens digit of p?
3
Suppose -7*s = -5*s - 4. What is the units digit of 920/16 + s/(-4)?
7
Let k be -33*(2 - (-14)/(-3)). Let i be k/6 - (-2)/6. Suppose 2*s - i = -3*s. What is the units digit of s?
3
What is the units digit of 184/(-48)*-1*6?
3
Let o = 51 - 35. Suppose -2*z = -2*v + o, 0 = v - 0*z - 5*z - 4. What is the units digit of v?
9
Suppose 0*v = -v - 1. What is the tens digit of v + 17 + (-2 - 1)?
1
Suppose -4*y + 9 + 11 = 0. Suppose 0 = 3*z - z + 4*x + 36, -y*x - 90 = 5*z. What is the units digit of (-84)/z + (-2)/(-6)?
5
Suppose -g - 421 = -2*j - 2*g, 0 = -5*j - 3*g + 1052. What is the tens digit of j?
1
Let j = -17 - -20. What is the tens digit of j - (3 + 2) - -46?
4
Let s = 10 - 0. Let z(l) = -l**2 + 13*l + 6. What is the tens digit of z(s)?
3
Let a = 16 - 11. Suppose -a*s - 5*w = -60, -3*w - 49 = -5*s + 35. What is the tens digit of s?
1
Let y(a) = 15*a**3 - a. What is the units digit of y(1)?
4
Suppose -2 = -2*v + v. Suppose -5*j + 4 = -f + 12, v*f = -5*j + 31. What is the tens digit of f?
1
Let a be 1/(1 + 64/(-68)). Suppose a + 52 = 3*z. What is the tens digit of z?
2
Suppose 4*j - 26 = -10. Let w(n) = n**3 + n**2 + 7*n - j*n + 4*n**2 + 3. What is the units digit of w(-4)?
7
Let t(u) = -u + 2. Let f be t(-8). Suppose 2*q + 2 - f = 0. Suppose 4*z = -q*g + 8, g - 19 = -4*g - 2*z. What is the units digit of g?
5
Suppose -r + 0*r = -5. Suppose -b - 4*z = -31, -2*z + 3*z - 136 = -r*b. What is the tens digit of b?
2
Let l = -16 - -61. Suppose 0*a = 5*a - l. What is the units digit of a?
9
Let t(n) = -2*n**3 - n**2 - n - 2. What is the tens digit of t(-2)?
1
What is the hundreds digit of (-800)/(-8)*-3*15/(-36)?
1
Let g = 557 - 359. What is the units digit of g?
8
Suppose 0*t = 2*t - 72. What is the units digit of t?
6
Suppose -357 + 9 = -4*n. What is the tens digit of n?
8
Let s(u) be the first derivative of u**3/3 - 4*u**2 + 4*u + 3. What is the units digit of s(8)?
4
Let y(k) = 3*k + 3*k - 12 - 4*k. Suppose 0 = -5*i + 2*i + 27. What is the units digit of y(i)?
6
Suppose 5*k = 104 + 161. What is the units digit of k?
3
Let o(a) be the third derivative of a**4/24 - a**3/6 - a**2. Suppose 2*d - 3*d = 0, 25 = 5*m + 2*d. What is the units digit of o(m)?
4
Suppose d = 3*t - 15, 0 = 2*t + 3*d - 0 + 1. Suppose -4*a = -4*y - 24, 4*y = -3*a + 1 - t. Suppose a*k = 7*k - 32. What is the units digit of k?
8
Suppose 3 = -t - 0. Let m be (54/(-10) - t)*-5. Let b = 19 - m. What is the units digit of b?
7
Let r = 21 - 5. Suppose -v - 4*v = -2*z + r, 5*z - 5*v - 40 = 0. What is the units digit of z?
8
Let f(n) = -n**2 - 7*n + 9. What is the units digit of f(-7)?
9
What is the tens digit of 5 + 27 - (-2 + 3)?
3
Suppose -p - 30 = -4*p. Suppose 4*y - p - 2 = 0. What is the units digit of y?
3
Suppose -4*n + 297 = 113. Suppose -5*i + n = 3*q, 0 = q - 0*q + 4*i - 20. 